 by 1585579.
6
Calculate the remainder when 145493037 is divided by 4.
1
Calculate the remainder when 865117 is divided by 71863.
2761
What is the remainder when 1192200 is divided by 674?
568
Calculate the remainder when 7466951 is divided by 3.
2
What is the remainder when 3419204 is divided by 67043?
11
Calculate the remainder when 4109755 is divided by 410975.
5
Calculate the remainder when 59872 is divided by 5438.
54
What is the remainder when 8417205 is divided by 290248?
13
What is the remainder when 258315 is divided by 129115?
85
What is the remainder when 204861 is divided by 129?
9
Calculate the remainder when 1262599 is divided by 27.
25
Calculate the remainder when 8487211 is divided by 29.
13
What is the remainder when 87841 is divided by 906?
865
Calculate the remainder when 35457 is divided by 5749.
963
Calculate the remainder when 100238395 is divided by 937.
9
Calculate the remainder when 990111222 is divided by 761.
757
Calculate the remainder when 2799447 is divided by 1359.
1266
What is the remainder when 34786 is divided by 101?
42
What is the remainder when 222963309 is divided by 23?
21
Calculate the remainder when 43288 is divided by 6588.
3760
Calculate the remainder when 10145916 is divided by 2398.
2376
What is the remainder when 12343 is divided by 9614?
2729
What is the remainder when 873674 is divided by 4854?
4808
What is the remainder when 49435 is divided by 76?
35
Calculate the remainder when 14224 is divided by 3960.
2344
What is the remainder when 141453 is divided by 1648?
1373
Calculate the remainder when 177051 is divided by 7037.
1126
What is the remainder when 1484862 is divided by 2190?
42
Calculate the remainder when 113280 is divided by 2022.
48
What is the remainder when 5315763 is divided by 952?
747
Calculate the remainder when 35938813 is divided by 79.
54
What is the remainder when 1062984 is divided by 4321?
18
Calculate the remainder when 1633157 is divided by 87.
80
Calculate the remainder when 4711200 is divided by 10264.
24
Calculate the remainder when 7559878 is divided by 53.
11
What is the remainder when 22324088 is divided by 14610?
8
Calculate the remainder when 15169514 is divided by 567.
563
Calculate the remainder when 28092785 is divided by 13928.
9
What is the remainder when 74745 is divided by 2099?
1280
Calculate the remainder when 341527 is divided by 4967.
3771
Calculate the remainder when 48356837 is divided by 17.
14
Calculate the remainder when 342169 is divided by 56979.
295
What is the remainder when 375735 is divided by 1078?
591
What is the remainder when 1081758 is divided by 66?
18
Calculate the remainder when 238775 is divided by 21699.
86
Calculate the remainder when 191814455 is divided by 114.
107
Calculate the remainder when 9030571 is divided by 9030496.
75
What is the remainder when 20273411 is divided by 6059?
6056
Calculate the remainder when 108269 is divided by 209.
7
Calculate the remainder when 49980196 is divided by 214.
68
What is the remainder when 1369299 is divided by 456409?
72
Calculate the remainder when 307515 is divided by 488.
75
What is the remainder when 1284463 is divided by 51377?
38
Calculate the remainder when 983778 is divided by 2955.
2718
What is the remainder when 175031512 is divided by 146?
142
Calculate the remainder when 130991 is divided by 186.
47
What is the remainder when 12306486 is divided by 110869?
27
Calculate the remainder when 189936954 is divided by 66.
42
Calculate the remainder when 4958300 is divided by 424.
44
What is the remainder when 366065808 is divided by 4539?
4536
Calculate the remainder when 71052216 is divided by 23684054.
54
Calculate the remainder when 281958911 is divided by 35.
31
What is the remainder when 171101 is divided by 2577?
1019
Calculate the remainder when 2413103 is divided by 227.
93
Calculate the remainder when 124376 is divided by 41377.
245
What is the remainder when 1068467 is divided by 7912?
347
Calculate the remainder when 94530 is divided by 22544.
4354
Calculate the remainder when 3197292 is divided by 313.
310
What is the remainder when 1482853 is divided by 2?
1
What is the remainder when 7662284 is divided by 208?
188
What is the remainder when 1246911 is divided by 21?
15
What is the remainder when 4684650 is divided by 1449?
33
What is the remainder when 316553 is divided by 62721?
2948
What is the remainder when 17769 is divided by 1430?
609
Calculate the remainder when 2039358 is divided by 404.
370
What is the remainder when 12024438 is divided by 1642?
72
Calculate the remainder when 14566142 is divided by 693623.
59
What is the remainder when 16783 is divided by 320?
143
What is the remainder when 152984263 is divided by 20?
3
Calculate the remainder when 368502087 is divided by 7590.
7587
What is the remainder when 27964840 is divided by 1864322?
10
Calculate the remainder when 462149 is divided by 92378.
259
What is the remainder when 826971 is divided by 137789?
237
Calculate the remainder when 6218158 is divided by 72304.
14
What is the remainder when 32399 is divided by 4094?
3741
Calculate the remainder when 20192295 is divided by 6730747.
54
Calculate the remainder when 844009 is divided by 210996.
25
What is the remainder when 1038047665 is divided by 3668?
3665
What is the remainder when 62539 is divided by 73?
51
What is the remainder when 28166453 is divided by 4023776?
21
What is the remainder when 2854254 is divided by 511?
319
Calculate the remainder when 139927 is divided by 19760.
1607
What is the remainder when 5571332 is divided by 2785467?
398
What is the remainder when 13074 is divided by 5830?
1414
Calculate the remainder when 602577046 is divided by 1163.
1160
What is the remainder when 366925 is divided by 9170?
125
Calculate the remainder when 314319 is divided by 13664.
47
What is the remainder when 1467771 is divided by 1238?
741
Calculate the remainder when 674230 is divided by 5961.
637
Calculate the remainder when 1152634 is divided by 44315.
444
What is the remainder when 45939888 is divided by 2631?
2628
What is the remainder when 1239767 is divided by 1070?
707
Calculate the remainder when 741504 is divided by 221.
49
Calculate the remainder when 55146 is divided by 54802.
344
Calculate the remainder when 1239894 is divided by 12271.
523
What is the remainder when 85463 is divided by 8540?
63
Calculate the remainder when 1632600 is divided by 90690.
180
Calculate the remainder when 38845 is divided by 12312.
1909
What is the remainder when 50428454 is divided by 13355?
13329
Calculate the remainder when 602608 is divided by 42.
34
What is the remainder when 4163909 is divided by 1934?
7
Calculate the remainder when 1014184 is divided by 507018.
148
Calculate the remainder when 6097897 is divided by 46.
45
Calculate the remainder when 373639 is divided by 62271.
13
Calculate the remainder when 29908762 is divided by 22.
4
Calculate the remainder when 2272281 is divided by 5016.
33
Calculate the remainder when 271387 is divided by 1330.
67
Calculate the remainder when 242042 is divided by 17287.
24
Calculate the remainder when 47658 is divided by 3837.
1614
What is the remainder when 13568464 is divided by 105?
49
What is the remainder when 25247 is divided by 24672?
575
What is the remainder when 540957 is divided by 468?
417
What is the remainder when 65815 is divided by 62403?
3412
What is the remainder when 2165608 is divided by 18?
10
What is the remainder when 15141 is divided by 3784?
5
Calculate the remainder when 38808576 is divided by 268.
32
Calculate the remainder when 7196135 is divided by 456.
455
Calculate the remainder when 177107 is divided by 44254.
91
Calculate the remainder when 3073371 is divided by 113.
110
Calculate the remainder when 3828769 is divided by 420.
49
What is the remainder when 583366 is divided by 1053?
4
What is the remainder when 54384356 is divided by 10?
6
Calculate the remainder when 3222701 is divided by 140117.
10
Calculate the remainder when 382413 is divided by 54627.
24
What is the remainder when 35514122 is divided by 485?
482
Calculate the remainder when 2879971 is divided by 40562.
69
What is the remainder when 12569 is divided by 9558?
3011
Calculate the remainder when 178137 is divid